er when (18 - -33) + (1 - (0 + -1)) is divided by v?
17
Let i = -2 + 3. Calculate the remainder when ((-115)/10)/(i/(-2)) is divided by 12.
11
Suppose 0 = -4*l + 5*t + 157, -3*l + 46 = -l + 4*t. Calculate the remainder when 294 is divided by l.
30
Suppose w = -3*w + 8. Calculate the remainder when 20 is divided by (-3)/w*(-28)/6.
6
Calculate the remainder when (9/(-6))/(18/(-24))*16 is divided by 19.
13
Let k be -6*(-1)/3*-3. What is the remainder when 24 is divided by (27/(-6))/(3/k)?
6
Suppose i - d + 36 = 6*i, -4*d + 4 = 0. Calculate the remainder when i is divided by 2.
1
Let u be (-5)/10 - 3/2. Let a = -5 + u. Calculate the remainder when a/(21/(-30)) - -1 is divided by 6.
5
Suppose -5*q + 54 + 236 = 0. Calculate the remainder when q is divided by 12.
10
Let z(m) = 6*m**2 + m - 2. Let y be z(-4). Let g be (6/15)/(3/y). Let b = -8 + g. What is the remainder when 7 is divided by b?
3
Suppose 67 = -4*g + 3*s + 338, -s = -4*g + 269. What is the remainder when 197 is divided by g?
63
Suppose -4*k = -2*n - 550, k + 411 = 4*k - 3*n. Calculate the remainder when k is divided by 35.
33
Suppose 0*t - 4*t = -48. Let x be ((-12)/(-7))/(10/140). Calculate the remainder when (68/(-1))/(x/(-12)) is divided by t.
10
Let o = 373 - 228. Let b = 75 - o. Let v = b + 104. What is the remainder when v is divided by 12?
10
Let p(l) = 7*l**2 + 3*l + 1. Let j be p(-2). Let x = 6 + j. Calculate the remainder when x is divided by 6*(-9)/(-6) + 1.
9
Let l be 30/7 - 2/7. Suppose l*a - a - 33 = 0. Calculate the remainder when 41 is divided by a.
8
What is the remainder when ((-26)/(-6) + -3)*(9 + 3) is divided by 9?
7
Let p(a) = 3*a**3 + 6*a - 10. What is the remainder when p(3) is divided by 23?
20
Suppose 5 = -y + 6*y, 26 = 5*j - 4*y. Let s be (4/j)/((-1)/(-6)). Let c = s + 4. What is the remainder when c is divided by 3?
2
Suppose -12 = 3*j, -4*x - j + 11 = -x. Suppose 2*o - 2*f + 14 = 5*o, -5*o + 16 = -4*f. Calculate the remainder when x is divided by o.
1
Suppose 32 = -0*x + 2*x. Suppose 3*f - x = f. What is the remainder when 22 is divided by f?
6
Let b be 1/(1 - 66/63). Let v = b + 48. Calculate the remainder when v is divided by 10.
7
Suppose -6*b + 106 = -4*b. Calculate the remainder when b is divided by 28.
25
Suppose 9*v + 45 = 14*v. Calculate the remainder when 26 is divided by v.
8
Let a(v) = 2*v**2 - 3*v. Let b = -315 - -322. What is the remainder when a(4) is divided by b?
6
Calculate the remainder when 23 is divided by 1 + 7 - (-1 + 16/4).
3
Suppose -20*i + 154 = -106. Suppose 5*t = -20, 31 = 2*h + t - 13. What is the remainder when h is divided by i?
11
Suppose 0 = -2*f + f + 1, 3*d + 2*f = 32. What is the remainder when 68 is divided by d?
8
Suppose 2*h - 3 = -y + 6, -3*h - 19 = -5*y. Let u = y - 0. Suppose -3*o = 3*k - 2 - 13, -u*k = 4*o - 27. What is the remainder when k is divided by 4?
3
Let s be 26/10 + 2/5. Suppose 0 = 4*o + s*r - 175, 0*r + r = o - 42. Suppose -2*u + o + 19 = 0. What is the remainder when u is divided by 11?
9
Suppose 5*y + 4*b - 3 - 393 = 0, 0 = 4*y + 4*b - 320. Calculate the remainder when y is divided by 20.
16
Suppose 4*d - 5*c - 10 = 0, d - 4*c = 2*d + 8. Suppose -u + d + 47 = 0. What is the remainder when u is divided by 16?
15
Suppose 2*u - 4 + 0 = 0. Suppose 2*f - 15 - 7 = 0. Calculate the remainder when 4 + -4 + u + 19 is divided by f.
10
Suppose h - 4 + 1 = 0. What is the remainder when 32 is divided by 34/h*(-12)/(-8)?
15
Suppose -s + 3*j + 110 = 0, -j + 221 + 154 = 4*s. Calculate the remainder when s is divided by 24.
23
Let c(x) be the second derivative of x**4/4 + 7*x**3/6 + 5*x**2/2 - 2*x. What is the remainder when c(-4) is divided by 9?
7
Suppose 0 = -3*z + 6*z - 15. Suppose -5*v = -z*b + 29 + 1, -2*b - 2*v = -4. Calculate the remainder when 10 is divided by b.
2
Let p be (6 + -2)*(-3)/4. Let o = 113 - 48. What is the remainder when o is divided by 20 - (-4)/(4/p)?
14
Calculate the remainder when ((-264)/20)/(6/(-20)) is divided by 15.
14
Suppose 0 = -r - 3*r + 8. Calculate the remainder when 7 is divided by r.
1
Let n = -7 - -7. Suppose 4*w + n*w = 148. What is the remainder when w is divided by 13?
11
Let w(x) = x**3 + 8*x**2 + 11*x + 3. Let b be w(-5). Let u = -14 + b. What is the remainder when 15 is divided by u?
6
Let s(q) = 5*q**2 + q. Let j(m) = m**2 + 5*m - 1. Let l be 9/6*-4 - -1. Let u be j(l). What is the remainder when 11 is divided by s(u)?
3
Let p = 63 - 54. Calculate the remainder when 23 is divided by p.
5
Let p = 18 + -14. Suppose 6*w - 2*w - 97 = -q, 0 = p*q - 5*w - 283. Calculate the remainder when q is divided by 26.
25
Suppose 0 = -4*p + 428 - 48. What is the remainder when p is divided by 24?
23
Let f be (7 + -14)*2/(-2). Let g(v) = v**3 - 8*v**2 + 5*v - 6. Let i be g(f). What is the remainder when 16 is divided by ((-15)/i)/((-1)/(-12))?
7
Let t(x) = -x**2 + x + 4. Let m be t(3). Let c = 1 - m. What is the remainder when (21/(-6))/(7/(-14)) is divided by c?
1
Let b be ((-20)/8)/(2/(-4)). Suppose -12 = b*z - 22. What is the remainder when 5 is divided by z?
1
Let s = -98 - -164. Calculate the remainder when s is divided by 23.
20
Suppose 2*u = -3*u + 25. Suppose -1 = t, 2*b - t - 14 - u = 0. What is the remainder when 25 is divided by b?
7
Let p = 19 - -17. Let q(o) be the third derivative of o**6/60 + o**5/60 - o**4/12 + o**3/2 + 3*o**2. What is the remainder when p is divided by q(2)?
17
Let k = -68 - -39. Let b = -19 - k. Calculate the remainder when 27 is divided by b.
7
Suppose 5*z = -0 + 80. Let n = z + -14. Let i(k) = -k**2 + 7*k - 6. What is the remainder when i(5) is divided by n?
0
Let b(g) be the second derivative of 5*g**3/3 + g**2/2 - 2*g. Let q be b(1). Let s = 0 + q. Calculate the remainder when s is divided by 6.
5
Let d(x) = -2*x + 11. Calculate the remainder when d(-8) is divided by 15.
12
Suppose 0 = -3*j + 1 + 5. What is the remainder when 3 is divided by j?
1
Let z(j) = 4*j - 2. Let r be z(-3). Let t = r + 33. Let w = -11 + t. What is the remainder when 14 is divided by w?
6
Calculate the remainder when (64 - -6)/(-2*(0 - 1)) is divided by 9.
8
Let x(k) be the second derivative of -2*k**3 - k**2 - 2*k. What is the remainder when x(-4) is divided by 12?
10
Suppose 0 = i + 2*i - 36. Calculate the remainder when (-5 - -2)*11/(-1) is divided by i.
9
Suppose x = 9 + 1. Let k = 21 - x. What is the remainder when 19 is divided by k?
8
Let y = 2 + 26. What is the remainder when y is divided by 10?
8
Let u = 46 + -32. What is the remainder when 54 is divided by u?
12
Let b = 47 - 25. Suppose 5*g - 27 = -u - u, 0 = 5*g - 3*u - b. Calculate the remainder when 43 is divided by 6 - g - (-14 + 0).
13
Let q(x) be the second derivative of x**4/12 - x. Let a(o) = o + 8. Let z be a(-12). What is the remainder when 46 is divided by q(z)?
14
Let z = 18 - 16. Suppose -5*g = -z*m + 16, 0 = -6*m + 3*m - g + 7. Calculate the remainder when 10 is divided by m.
1
Suppose 5*l = -3*o + 2, 2*l - 7*l = 2*o - 3. What is the remainder when 0 - 0 - (2 - 3) is divided by l?
0
Calculate the remainder when 157 is divided by (-4)/(6/4*10/(-120)).
29
Let h(s) be the third derivative of 7*s**6/60 - s**5/30 + s**4/24 + s**2. Let g = 24 + -23. Calculate the remainder when 25 is divided by h(g).
12
Let s be (((-4)/10)/(14/(-595)))/1. Let z(b) = b**2 + 2*b - 5. Let d be z(-5). Suppose 3*m - s - d = 0. What is the remainder when 16 is divided by m?
7
Calculate the remainder when 486/42 - (-12)/28 is divided by 5.
2
Let u be (-3)/(-6) - 58/4. What is the remainder when 1 + (-7)/(u/96) is divided by 13?
10
Suppose h - 26 = -3*v, -4*h = -1 + 17. Calculate the remainder when 44 is divided by (3 + v/(-4))*46.
21
Let a(j) = -3 + 1 - 1 + 7*j. Let o be a(2). Let q = o + 20. Calculate the remainder when q is divided by 16.
15
Let q(d) = -56*d - 1. Let i(a) be the first derivative of -a**4/4 + 2*a**3 + 3*a**2 + 6*a + 2. Let p be i(7). What is the remainder when q(p) is divided by 19?
17
Let d(i) = -i - 2*i - 4*i. Let c = -47 - -66. Calculate the remainder when c is divided by d(-1).
5
Let i = 74 + -34. Suppose 2*j + 18 + 54 = 2*k, k + 3*j = i. Suppose -s - 5*t = -13, 2*t = 5*s - t - k. Calculate the remainder when 23 is divided by s.
7
Let q = 16 - 8. Let g be -1 - -1 - 1*5. What is the remainder when q is divided 